-- https://www.phpmyadmin.net/
--
-- Waktu pembuatan: 17 Jan 2025 pada 04.23
-- Versi server: 10.4.32-MariaDB
-- Versi PHP: 8.1.25

START TRANSACTION;



-- --------------------------------------------------------

--
-- Struktur dari tabel `ongkir`
--

CREATE TABLE `ongkir` (
  `id_ongkir` int(5) NOT NULL,
  `nama_kota` varchar(100) NOT NULL,
  `tarif` int(11) NOT NULL,
  `alamat_pengiriman` text NOT NULL
) ENGINE=InnoDB DEFAULT CHARSET=utf8mb4 COLLATE=utf8mb4_general_ci;

--
-- Dumping data untuk tabel `ongkir`
--

INSERT INTO `ongkir` (`id_ongkir`, `nama_kota`, `tarif`, `alamat_pengiriman`) VALUES
(1, 'Bali', 15000, ''),
(2, 'Surabaya', 25000, '');

-- --------------------------------------------------------

--
-- Struktur dari tabel `pembayaran`
--

CREATE TABLE `pembayaran` (
  `id_pembayaran` int(11) NOT NULL,
  `id_pembelian` int(11) NOT NULL,
  `nama` varchar(255) NOT NULL,
  `bank` varchar(255) NOT NULL,
  `jumlah` int(11) NOT NULL,
  `tanggal` date NOT NULL,
  `bukti` varchar(255) NOT NULL
) ENGINE=InnoDB DEFAULT CHARSET=utf8mb4 COLLATE=utf8mb4_general_ci;

--
-- Dumping data untuk tabel `pembayaran`
--

INSERT INTO `pembayaran` (`id_pembayaran`, `id_pembelian`, `nama`, `bank`, `jumlah`, `tanggal`, `bukti`) VALUES
(1, 33, 'ezra', '0', 155000, '2025-01-16', '20250116180047lip.png'),
(2, 1, 'enzy', '0', 50000, '2025-01-16', '20250116183630lipbalm.png'),
(3, 2, 'en', '0', 0, '2025-01-16', '20250116183900'),
(4, 2, 'enzy', '0', 75000, '2025-01-16', '20250116183920lip.png'),
(5, 32, 'ezra', '0', 140000, '2025-01-16', '20250116184106'),
(6, 33, 'ezra', 'bri', 155000, '2025-01-16', '20250116184508lip.png'),
(7, 31, 'ezra', 'danamon', 140000, '2025-01-16', '20250116184545'),
(8, 34, 'ezra', 'bri', 85000, '2025-01-17', '20250117032104micelar.jpg');

-- --------------------------------------------------------

--
-- Struktur dari tabel `pembelian`
--

CREATE TABLE `pembelian` (
  `id_pembelian` int(11) NOT NULL,
  `id_pelanggan` int(11) NOT NULL,
  `id_ongkir` int(11) NOT NULL,
  `tanggal_pembelian` date NOT NULL,
  `total_pembelian` int(11) NOT NULL,
  `nama_kota` varchar(100) NOT NULL,
  `tarif` int(11) NOT NULL,
  `alamat_pengiriman` text NOT NULL,
  `status_pembelian` varchar(100) NOT NULL DEFAULT 'pending',
  `resi_pengiriman` varchar(50) NOT NULL
) ENGINE=InnoDB DEFAULT CHARSET=utf8mb4 COLLATE=utf8mb4_general_ci;

--
-- Dumping data untuk tabel `pembelian`
--

INSERT INTO `pembelian` (`id_pembelian`, `id_pelanggan`, `id_ongkir`, `tanggal_pembelian`, `total_pembelian`, `nama_kota`, `tarif`, `alamat_pengiriman`, `status_pembelian`, `resi_pengiriman`) VALUES
(1, 1, 1, '2025-01-14', 50000, '', 0, '', 'transaksi terkirim', ''),
(2, 1, 1, '2025-01-15', 75000, '', 0, '', 'transaksi terkirim', ''),
(22, 2, 1, '2025-01-16', 155000, '', 0, '', 'pending', ''),
(23, 2, 1, '2025-01-16', 155000, '', 0, '', 'pending', ''),
(24, 2, 1, '2025-01-16', 155000, '', 0, '', 'pending', ''),
(25, 2, 1, '2025-01-16', 155000, '', 0, '', 'pending', ''),
(26, 2, 1, '2025-01-16', 155000, '', 0, '', 'pending', ''),
(27, 2, 1, '2025-01-16', 85000, '', 0, '', 'pending', ''),
(28, 2, 1, '2025-01-16', 85000, '', 0, '', 'pending', ''),
(29, 2, 1, '2025-01-16', 85000, '', 0, '', 'pending', ''),
(30, 2, 1, '2025-01-16', 65000, '', 0, '', 'pending', ''),
(31, 2, 0, '2025-01-16', 50000, '', 0, '', 'transaksi terkirim', ''),
(32, 2, 1, '2025-01-16', 85000, 'Bali', 15000, 'bali', 'transaksi terkirim', ''),
(33, 2, 1, '2025-01-16', 155000, 'Bali', 15000, 'bali', 'transaksi terkirim', ''),
(34, 2, 1, '2025-01-17', 85000, 'Bali', 15000, 'bali', 'barang dikirim', 'NO123');

-- --------------------------------------------------------

--
-- Struktur dari tabel `pembelian_produk`
--

CREATE TABLE `pembelian_produk` (
  `id_pembelian_produk` int(11) NOT NULL,
  `id_pembelian` int(11) NOT NULL,
  `id_produk` int(11) NOT NULL,
  `jumlah` int(11) NOT NULL,
  `nama` varchar(50) NOT NULL,
  `harga` int(11) NOT NULL,
  `berat` int(11) NOT NULL,
  `subberat` int(11) NOT NULL,
  `subharga` int(11) NOT NULL,
  `alamat_pengiriman` text NOT NULL
) ENGINE=InnoDB DEFAULT CHARSET=utf8mb4 COLLATE=utf8mb4_general_ci;

--
-- Dumping data untuk tabel `pembelian_produk`
--

INSERT INTO `pembelian_produk` (`id_pembelian_produk`, `id_pembelian`, `id_produk`, `jumlah`, `nama`, `harga`, `berat`, `subberat`, `subharga`, `alamat_pengiriman`) VALUES
(1, 1, 1, 0, '1', 0, 0, 0, 0, ''),
(2, 1, 2, 0, '1', 0, 0, 0, 0, ''),
(3, 25, 2, 0, '2', 0, 0, 0, 0, ''),
(4, 26, 2, 0, '2', 0, 0, 0, 0, ''),
(5, 27, 2, 1, 'moisturizer', 70000, 50, 50, 70000, ''),
(6, 28, 2, 1, 'moisturizer', 70000, 50, 50, 70000, ''),
(7, 29, 2, 1, 'moisturizer', 70000, 50, 50, 70000, ''),
(8, 30, 1, 1, 'Facial Wash', 50000, 45, 45, 50000, ''),
(9, 31, 1, 1, 'Facial Wash', 50000, 45, 45, 50000, ''),
(10, 32, 2, 1, 'moisturizer', 70000, 50, 50, 70000, ''),
(11, 33, 2, 2, 'moisturizer', 70000, 50, 100, 140000, ''),
(12, 34, 2, 1, 'moisturizer', 70000, 50, 50, 70000, '');

-- --------------------------------------------------------

--
-- Struktur dari tabel `produk`
--

CREATE TABLE `produk` (
  `id_produk` int(11) NOT NULL,
  `nama_produk` varchar(100) NOT NULL,
  `harga_produk` int(11) NOT NULL,
  `berat_produk` int(11) NOT NULL,
  `foto_produk` varchar(100) NOT NULL,
  `deskripsi_produk` text NOT NULL,
  `stok_produk` int(11) NOT NULL
) ENGINE=InnoDB DEFAULT CHARSET=utf8mb4 COLLATE=utf8mb4_general_ci;

--
-- Dumping data untuk tabel `produk`
--

INSERT INTO `produk` (`id_produk`, `nama_produk`, `harga_produk`, `berat_produk`, `foto_produk`, `deskripsi_produk`, `stok_produk`) VALUES
(1, 'Facial Wash', 50000, 45, 'fw.jpg', 'membantu membersihkan sisa makeup', 5),
(2, 'moisturizer', 70000, 50, 'moist.jpg', 'membantu memudarkan bekas jerawat', 5);

--
-- Indeks untuk tabel `ongkir`
--
ALTER TABLE `ongkir`
  ADD PRIMARY KEY (`id_ongkir`);

--
-- Indeks untuk tabel `pembayaran`
--
ALTER TABLE `pembayaran`
  ADD PRIMARY KEY (`id_pembayaran`);

--
-- Indeks untuk tabel `pembelian`
--
ALTER TABLE `pembelian`
  ADD PRIMARY KEY (`id_pembelian`);

--
-- Indeks untuk tabel `pembelian_produk`
--
ALTER TABLE `pembelian_produk`
  ADD PRIMARY KEY (`id_pembelian_produk`);

--
-- Indeks untuk tabel `produk`
--
ALTER TABLE `produk`
  ADD PRIMARY KEY (`id_produk`);

--
-- AUTO_INCREMENT untuk tabel `ongkir`
--
ALTER TABLE `ongkir`
  MODIFY `id_ongkir` int(5) NOT NULL AUTO_INCREMENT, AUTO_INCREMENT=3;

--
-- AUTO_INCREMENT untuk tabel `pembayaran`
--
ALTER TABLE `pembayaran`
  MODIFY `id_pembayaran` int(11) NOT NULL AUTO_INCREMENT, AUTO_INCREMENT=9;

--
-- AUTO_INCREMENT untuk tabel `pembelian`
--
ALTER TABLE `pembelian`
  MODIFY `id_pembelian` int(11) NOT NULL AUTO_INCREMENT, AUTO_INCREMENT=35;

--
-- AUTO_INCREMENT untuk tabel `pembelian_produk`
--
ALTER TABLE `pembelian_produk`
  MODIFY `id_pembelian_produk` int(11) NOT NULL AUTO_INCREMENT, AUTO_INCREMENT=13;

--
-- AUTO_INCREMENT untuk tabel `produk`
--
ALTER TABLE `produk`
  MODIFY `id_produk` int(11) NOT NULL AUTO_INCREMENT, AUTO_INCREMENT=3;
COMMIT;

